{"id":62,"date":"2026-03-15T00:20:05","date_gmt":"2026-03-15T00:20:05","guid":{"rendered":"https:\/\/viajemagicoalaluna.revistacitrico.com\/?page_id=62"},"modified":"2026-04-18T01:41:25","modified_gmt":"2026-04-18T01:41:25","slug":"capitulo-2","status":"publish","type":"page","link":"https:\/\/viajemagicoalaluna.revistacitrico.com\/index.php\/capitulo-2\/","title":{"rendered":"Cap\u00edtulo 2"},"content":{"rendered":"<p>[et_pb_section fb_built=\u00bb1&#8243; admin_label=\u00bbPricing\u00bb _builder_version=\u00bb4.17.3&#8243; _module_preset=\u00bbdefault\u00bb background_color=\u00bb#000000&#8243; collapsed=\u00bbon\u00bb global_colors_info=\u00bb{}\u00bb][et_pb_row make_equal=\u00bbon\u00bb _builder_version=\u00bb4.17.0&#8243; _module_preset=\u00bbdefault\u00bb global_colors_info=\u00bb{}\u00bb][et_pb_column type=\u00bb4_4&#8243; _builder_version=\u00bb4.17.0&#8243; _module_preset=\u00bbdefault\u00bb global_colors_info=\u00bb{}\u00bb][et_pb_text _builder_version=\u00bb4.21.0&#8243; _module_preset=\u00bbe6504a1b-67eb-4b3d-b023-bcab277610b6&#8243; header_4_font=\u00bbMukta|800||on|||||\u00bb header_4_text_color=\u00bb#12D678&#8243; header_4_font_size=\u00bb14px\u00bb header_4_letter_spacing=\u00bb0.15em\u00bb header_4_line_height=\u00bb1.5em\u00bb custom_margin=\u00bb||0px||false|false\u00bb global_colors_info=\u00bb{}\u00bb]<\/p>\n<p>Cap\u00edtulo 2<\/p>\n<p>[\/et_pb_text][et_pb_text _builder_version=\u00bb4.21.0&#8243; _module_preset=\u00bbc16985e1-e0d6-4022-964d-e2bfc04fa633&#8243; header_font=\u00bbPT Sans|700|||||||\u00bb header_text_color=\u00bb#FFFFFF\u00bb header_font_size=\u00bb75px\u00bb header_line_height=\u00bb1.2em\u00bb custom_margin=\u00bb||0px||false|false\u00bb header_font_size_tablet=\u00bb40px\u00bb header_font_size_phone=\u00bb24px\u00bb header_font_size_last_edited=\u00bbon|phone\u00bb global_colors_info=\u00bb{}\u00bb]<\/p>\n<h1><b>El Coraz\u00f3n Oscuro de la Luna<\/b><\/h1>\n<p>[\/et_pb_text][\/et_pb_column][\/et_pb_row][et_pb_row column_structure=\u00bb1_3,1_3,1_3&#8243; use_custom_gutter=\u00bbon\u00bb _builder_version=\u00bb4.17.3&#8243; _module_preset=\u00bbdefault\u00bb global_colors_info=\u00bb{}\u00bb][et_pb_column type=\u00bb1_3&#8243; _builder_version=\u00bb4.17.3&#8243; _module_preset=\u00bbdefault\u00bb global_colors_info=\u00bb{}\u00bb][et_pb_text _builder_version=\u00bb4.21.0&#8243; _module_preset=\u00bb1f09816e-184e-4ce5-a4cf-b39c52c423ca\u00bb text_font=\u00bbMukta|500|||||||\u00bb text_text_color=\u00bb#FFFFFF\u00bb text_font_size=\u00bb16px\u00bb text_line_height=\u00bb1.4em\u00bb hover_enabled=\u00bb0&#8243; text_font_size_tablet=\u00bb14px\u00bb text_font_size_phone=\u00bb14px\u00bb text_font_size_last_edited=\u00bbon|desktop\u00bb header_font_size_tablet=\u00bb55px\u00bb header_font_size_last_edited=\u00bboff|desktop\u00bb global_colors_info=\u00bb{}\u00bb sticky_enabled=\u00bb0&#8243;]<\/p>\n<p style=\"text-align: justify;\"><span style=\"font-weight: 400;\">La ciudad que hac\u00eda apenas unos minutos brillaba como un sue\u00f1o ahora parec\u00eda apagarse lentamente, como si alguien estuviera cubriendo el cielo con una sombra invisible.<\/span><br \/><span style=\"font-weight: 400;\"><\/span><\/p>\n<p style=\"text-align: justify;\"><span style=\"font-weight: 400;\">Las torres luminosas comenzaron a parpadear. Los puentes de energ\u00eda chisporroteaban. Las peque\u00f1as criaturas lunares corr\u00edan de un lado a otro con expresiones de preocupaci\u00f3n.<\/span><br \/><span style=\"font-weight: 400;\"><\/span><\/p>\n<p style=\"text-align: justify;\"><span style=\"font-weight: 400;\">\u2014Esto no se ve nada bien \u2014murmur\u00f3 Leo.<\/span><br \/><span style=\"font-weight: 400;\">Tiko extendi\u00f3 un peque\u00f1o proyector desde su pecho y comenz\u00f3 a escanear el entorno.<\/span><br \/><span style=\"font-weight: 400;\">\u2014Nivel de energ\u00eda general: 42%\u2026 39%\u2026 descendiendo r\u00e1pidamente.<\/span><br \/><span style=\"font-weight: 400;\"><\/span><\/p>\n<p style=\"text-align: justify;\"><span style=\"font-weight: 400;\">Mila respir\u00f3 hondo.<\/span><br \/><span style=\"font-weight: 400;\">\u2014Tenemos que encontrar el Cristal Central.<\/span><br \/><span style=\"font-weight: 400;\">La criatura que los hab\u00eda recibido se acerc\u00f3 nuevamente.<\/span><\/p>\n<p style=\"text-align: justify;\"><span style=\"font-weight: 400;\">\u2014El Cristal de Energ\u00eda est\u00e1 en el n\u00facleo de la ciudad\u2026 pero alguien lo ha perturbado.<\/span><br \/><span style=\"font-weight: 400;\">\u2014\u00bfPerturbado c\u00f3mo? \u2014pregunt\u00f3 Leo.<\/span><br \/><span style=\"font-weight: 400;\">Antes de que pudiera responder, el suelo volvi\u00f3 a temblar. Un rugido profundo reson\u00f3 entre los cr\u00e1teres, como si la Luna misma estuviera quej\u00e1ndose.<\/span><br \/><span style=\"font-weight: 400;\">Los tres amigos se miraron.<\/span><\/p>\n<p>[\/et_pb_text][\/et_pb_column][et_pb_column type=\u00bb1_3&#8243; _builder_version=\u00bb4.17.0&#8243; _module_preset=\u00bbdefault\u00bb global_colors_info=\u00bb{}\u00bb][et_pb_image src=\u00bbhttps:\/\/viajemagicoalaluna.revistacitrico.com\/wp-content\/uploads\/2026\/03\/WhatsApp-Image-2026-03-14-at-16.49.23-1.jpeg\u00bb title_text=\u00bbWhatsApp Image 2026-03-14 at 16.49.23 (1)\u00bb align=\u00bbcenter\u00bb _builder_version=\u00bb4.21.0&#8243; _module_preset=\u00bbdefault\u00bb transform_scale=\u00bb121%|121%\u00bb width=\u00bb100%\u00bb module_alignment=\u00bbcenter\u00bb animation_style=\u00bbroll\u00bb box_shadow_style=\u00bbpreset6&#8243; global_colors_info=\u00bb{}\u00bb][\/et_pb_image][\/et_pb_column][et_pb_column type=\u00bb1_3&#8243; _builder_version=\u00bb4.17.0&#8243; _module_preset=\u00bbdefault\u00bb global_colors_info=\u00bb{}\u00bb][et_pb_text _builder_version=\u00bb4.21.0&#8243; _module_preset=\u00bbdefault\u00bb text_text_color=\u00bb#FFFFFF\u00bb hover_enabled=\u00bb0&#8243; global_colors_info=\u00bb{}\u00bb sticky_enabled=\u00bb0&#8243;]<\/p>\n<p style=\"text-align: justify;\"><span style=\"font-weight: 400;\">\u2014Ese sonido no es normal \u2014dijo Mila.<\/span><br \/><span style=\"font-weight: 400;\">Tiko gir\u00f3 lentamente la cabeza hacia el horizonte.<\/span><br \/><span style=\"font-weight: 400;\">\u2014Movimiento detectado. Masa aproximada: extremadamente grande.<\/span><br \/><span style=\"font-weight: 400;\">Desde la oscuridad, entre rocas gigantes, algo comenz\u00f3 a levantarse.<\/span><\/p>\n<p style=\"text-align: justify;\"><span style=\"font-weight: 400;\">Primero fueron dos ojos brillantes, como brasas encendidas. Luego una silueta enorme, formada por piedra lunar negra y cristales incrustados.<\/span><br \/><span style=\"font-weight: 400;\">\u2014Es\u2026 es gigantesco \u2014susurr\u00f3 Leo.<\/span><br \/><span style=\"font-weight: 400;\">El coloso dio un paso adelante. El suelo vibr\u00f3 bajo sus pies.<\/span><br \/><span style=\"font-weight: 400;\">Las criaturas lunares gritaron y se refugiaron en los edificios.<\/span><\/p>\n<p style=\"text-align: justify;\"><span style=\"font-weight: 400;\">\u2014\u00bfEs el que est\u00e1 causando esto? \u2014pregunt\u00f3 Leo.<\/span><br \/><span style=\"font-weight: 400;\">Mila observ\u00f3 con atenci\u00f3n.<\/span><br \/><span style=\"font-weight: 400;\">\u2014No parece atacar la ciudad\u2026 parece\u2026 molesto.<\/span><\/p>\n<p style=\"text-align: justify;\"><span style=\"font-weight: 400;\">El gigante volvi\u00f3 a rugir, esta vez m\u00e1s fuerte.<\/span><br \/><span style=\"font-weight: 400;\">En su pecho brillaba una luz tenue, del mismo color que el Cristal Central que aparec\u00eda en los hologramas de Tiko.<\/span><\/p>\n<p>[\/et_pb_text][\/et_pb_column][\/et_pb_row][\/et_pb_section][et_pb_section fb_built=\u00bb1&#8243; admin_label=\u00bbFAQ\u00bb _builder_version=\u00bb4.17.3&#8243; _module_preset=\u00bbdefault\u00bb background_color=\u00bb#131517&#8243; collapsed=\u00bbon\u00bb global_colors_info=\u00bb{}\u00bb][et_pb_row column_structure=\u00bb1_2,1_2&#8243; _builder_version=\u00bb4.17.0&#8243; _module_preset=\u00bbdefault\u00bb global_colors_info=\u00bb{}\u00bb][et_pb_column type=\u00bb1_2&#8243; _builder_version=\u00bb4.17.0&#8243; _module_preset=\u00bbdefault\u00bb global_colors_info=\u00bb{}\u00bb][et_pb_text _builder_version=\u00bb4.21.0&#8243; _module_preset=\u00bb1f09816e-184e-4ce5-a4cf-b39c52c423ca\u00bb text_font=\u00bbMukta|500|||||||\u00bb text_text_color=\u00bb#FFFFFF\u00bb text_font_size=\u00bb16px\u00bb text_line_height=\u00bb1.4em\u00bb hover_enabled=\u00bb0&#8243; text_font_size_tablet=\u00bb14px\u00bb text_font_size_phone=\u00bb14px\u00bb text_font_size_last_edited=\u00bbon|desktop\u00bb header_font_size_tablet=\u00bb55px\u00bb header_font_size_last_edited=\u00bboff|desktop\u00bb global_colors_info=\u00bb{}\u00bb sticky_enabled=\u00bb0&#8243;]<\/p>\n<p style=\"text-align: justify;\"><span style=\"font-weight: 400;\">\u2014An\u00e1lisis parcial \u2014dijo el robot\u2014. Coincidencia energ\u00e9tica entre el gigante y el Cristal de Energ\u00eda: 87%.<\/span><br \/><span style=\"font-weight: 400;\">\u2014\u00bfQu\u00e9 significa eso? \u2014pregunt\u00f3 Leo.<\/span><br \/><span style=\"font-weight: 400;\">\u2014Que est\u00e1n conectados.<\/span><\/p>\n<p style=\"text-align: justify;\"><span style=\"font-weight: 400;\">De pronto, una explosi\u00f3n de polvo lunar levant\u00f3 una nube gris alrededor de ellos.<\/span><br \/><span style=\"font-weight: 400;\">\u2014\u00a1Tenemos que movernos! \u2014grit\u00f3 Mila.<\/span><br \/><span style=\"font-weight: 400;\">Corrieron hacia un peque\u00f1o veh\u00edculo lunar estacionado cerca de una torre apagada.<\/span><br \/><span style=\"font-weight: 400;\">\u2014\u00bfSabes conducir eso? \u2014pregunt\u00f3 Leo mientras sub\u00eda.<\/span><br \/><span style=\"font-weight: 400;\">\u2014Lo averiguar\u00e9 \u2014respondi\u00f3 Mila con una sonrisa nerviosa.<\/span><\/p>\n<p style=\"text-align: justify;\"><span style=\"font-weight: 400;\">El veh\u00edculo arranc\u00f3 con un zumbido el\u00e9ctrico justo cuando una enorme roca cay\u00f3 detr\u00e1s de ellos.<\/span><br \/><span style=\"font-weight: 400;\">\u2014\u00a1M\u00e1s r\u00e1pido! \u2014grit\u00f3 Leo.<\/span><br \/><span style=\"font-weight: 400;\">Tiko se conect\u00f3 al tablero.<\/span><br \/><span style=\"font-weight: 400;\">\u2014Activando impulsores secundarios.<\/span><\/p>\n<p style=\"text-align: justify;\"><span style=\"font-weight: 400;\">El veh\u00edculo sali\u00f3 disparado por un camino brillante que parpadeaba d\u00e9bilmente.<\/span><br \/><span style=\"font-weight: 400;\">El gigante los sigui\u00f3, dando pasos que sacud\u00edan todo a su alrededor.<\/span><\/p>\n<p style=\"text-align: justify;\"><span style=\"font-weight: 400;\">\u2014\u00bfPor qu\u00e9 nos persigue? \u2014pregunt\u00f3 Leo.<\/span><br \/><span style=\"font-weight: 400;\">\u2014Tal vez cree que queremos quitarle algo \u2014respondi\u00f3 Mila.<\/span><br \/><span style=\"font-weight: 400;\">Mientras avanzaban, Leo not\u00f3 algo extra\u00f1o.<\/span><br \/><span style=\"font-weight: 400;\">\u2014Mila\u2026 mira su pecho.<\/span><br \/><span style=\"font-weight: 400;\">El brillo dentro del gigante era d\u00e9bil, como si se estuviera apagando.<\/span><br \/><span style=\"font-weight: 400;\">\u2014Est\u00e1 perdiendo energ\u00eda tambi\u00e9n \u2014dijo ella.<\/span><\/p>\n<p style=\"text-align: justify;\"><span style=\"font-weight: 400;\">Tiko proces\u00f3 datos r\u00e1pidamente.<\/span><br \/><span style=\"font-weight: 400;\">\u2014Hip\u00f3tesis: el Cristal Central est\u00e1 vinculado a la energ\u00eda vital del gigante.<\/span><br \/><span style=\"font-weight: 400;\">\u2014Entonces no lo rob\u00f3\u2026 \u2014dijo Leo lentamente\u2014. Est\u00e1 conectado a \u00e9l.<\/span><br \/><span style=\"font-weight: 400;\">El veh\u00edculo dio un salto sobre un peque\u00f1o cr\u00e1ter y aterriz\u00f3 cerca de una enorme cueva iluminada con reflejos rojos.<\/span><br \/><span style=\"font-weight: 400;\">\u2014Ah\u00ed \u2014se\u00f1al\u00f3 Mila\u2014. La se\u00f1al del cristal viene de dentro.<\/span><br \/><span style=\"font-weight: 400;\">El gigante se detuvo frente a la entrada.<\/span><br \/><span style=\"font-weight: 400;\">No atac\u00f3.<\/span><\/p>\n<p>[\/et_pb_text][\/et_pb_column][et_pb_column type=\u00bb1_2&#8243; _builder_version=\u00bb4.17.0&#8243; _module_preset=\u00bbdefault\u00bb global_colors_info=\u00bb{}\u00bb][et_pb_text _builder_version=\u00bb4.21.0&#8243; _module_preset=\u00bbdefault\u00bb text_text_color=\u00bb#FFFFFF\u00bb hover_enabled=\u00bb0&#8243; global_colors_info=\u00bb{}\u00bb sticky_enabled=\u00bb0&#8243;]<\/p>\n<p style=\"text-align: justify;\"><span style=\"font-weight: 400;\">Solo bloque\u00f3 el paso, rugiendo con fuerza.<\/span><br \/><span style=\"font-weight: 400;\">Leo baj\u00f3 lentamente del veh\u00edculo.<\/span><br \/><span style=\"font-weight: 400;\">\u2014Espera \u2014dijo Mila.<\/span><br \/><span style=\"font-weight: 400;\">Pero Leo levant\u00f3 las manos.<\/span><br \/><span style=\"font-weight: 400;\">\u2014No queremos hacerte da\u00f1o.<\/span><\/p>\n<p style=\"text-align: justify;\"><span style=\"font-weight: 400;\">El gigante inclin\u00f3 la cabeza.<\/span><br \/><span style=\"font-weight: 400;\">Sus ojos ard\u00edan con intensidad, pero no con odio\u2026 sino con dolor.<\/span><br \/><span style=\"font-weight: 400;\">Tiko proyect\u00f3 una imagen hologr\u00e1fica del Cristal Central.<\/span><br \/><span style=\"font-weight: 400;\">\u2014\u00bfEs esto lo que te duele?<\/span><br \/><span style=\"font-weight: 400;\">El gigante emiti\u00f3 un sonido m\u00e1s bajo, casi como un gemido.<\/span><\/p>\n<p style=\"text-align: justify;\"><span style=\"font-weight: 400;\">Mila dio un paso adelante.<\/span><br \/><span style=\"font-weight: 400;\">\u2014Si el cristal pierde energ\u00eda, la ciudad se apaga\u2026 y t\u00fa tambi\u00e9n.<\/span><br \/><span style=\"font-weight: 400;\">El gigante mir\u00f3 hacia la ciudad distante, donde las luces eran ahora apenas destellos d\u00e9biles.<\/span><\/p>\n<p style=\"text-align: justify;\"><span style=\"font-weight: 400;\">Leo sinti\u00f3 un nudo en el est\u00f3mago.<\/span><br \/><span style=\"font-weight: 400;\">\u2014No es un enemigo\u2026 est\u00e1 sufriendo.<\/span><br \/><span style=\"font-weight: 400;\">Dentro de la cueva, el Cristal Central flotaba en medio de una grieta brillante, pero estaba fracturado. Peque\u00f1as chispas escapaban de \u00e9l.<\/span><\/p>\n<p style=\"text-align: justify;\"><span style=\"font-weight: 400;\">Tiko analiz\u00f3.<\/span><br \/><span style=\"font-weight: 400;\">\u2014Fisura detectada. Si no se estabiliza, la energ\u00eda lunar colapsar\u00e1 completamente.<\/span><br \/><span style=\"font-weight: 400;\">\u2014\u00bfPodemos repararlo? \u2014pregunt\u00f3 Leo.<\/span><br \/><span style=\"font-weight: 400;\">Mila pens\u00f3 r\u00e1pidamente.<\/span><br \/><span style=\"font-weight: 400;\">\u2014No tenemos las herramientas correctas\u2026 pero quiz\u00e1\u2026<\/span><br \/><span style=\"font-weight: 400;\">Mir\u00f3 al gigante.<\/span><br \/><span style=\"font-weight: 400;\">\u2014Necesitamos tu ayuda.<\/span><br \/><span style=\"font-weight: 400;\">El coloso dud\u00f3.<\/span><br \/><span style=\"font-weight: 400;\">\u2014Tu energ\u00eda est\u00e1 conectada al cristal \u2014continu\u00f3 Mila\u2014. Si trabajamos juntos, podemos restaurarlo.<\/span><\/p>\n<p style=\"text-align: justify;\"><span style=\"font-weight: 400;\">El gigante baj\u00f3 lentamente su enorme mano de roca.<\/span><br \/><span style=\"font-weight: 400;\">Leo respir\u00f3 profundo.<\/span><br \/><span style=\"font-weight: 400;\">\u2014Conf\u00eda en nosotros.<\/span><br \/><span style=\"font-weight: 400;\">Durante unos segundos eternos, solo se escuch\u00f3 el eco distante de la ciudad apag\u00e1ndose.<\/span><\/p>\n<p style=\"text-align: justify;\"><span style=\"font-weight: 400;\">Luego, el gigante dio un paso hacia la cueva\u2026 y apart\u00f3 las rocas que bloqueaban el acceso al cristal.<\/span><br \/><span style=\"font-weight: 400;\">\u2014Aceptaci\u00f3n confirmada \u2014anunci\u00f3 Tiko.<\/span><br \/><span style=\"font-weight: 400;\">Mila sonri\u00f3.<\/span><br \/><span style=\"font-weight: 400;\">\u2014Bien. Ahora comienza la parte dif\u00edcil.<\/span><br \/><span style=\"font-weight: 400;\">Leo mir\u00f3 el cristal fracturado.<\/span><\/p>\n<p style=\"text-align: justify;\"><span style=\"font-weight: 400;\">Sab\u00eda que lo que estaban a punto de hacer podr\u00eda salvar la ciudad\u2026 o terminar de destruirla.<\/span><br \/><span style=\"font-weight: 400;\">Pero tambi\u00e9n sab\u00eda algo m\u00e1s.<\/span><br \/><span style=\"font-weight: 400;\">Ya no estaban solos.<\/span><br \/><span style=\"font-weight: 400;\">Y el verdadero desaf\u00edo apenas comenzaba.<\/span><\/p>\n<p>[\/et_pb_text][\/et_pb_column][\/et_pb_row][\/et_pb_section][et_pb_section fb_built=\u00bb1&#8243; admin_label=\u00bbTestimonial\u00bb _builder_version=\u00bb4.17.1&#8243; _module_preset=\u00bbdefault\u00bb background_color=\u00bb#131517&#8243; collapsed=\u00bbon\u00bb global_colors_info=\u00bb{}\u00bb][et_pb_row column_structure=\u00bb2_3,1_3&#8243; _builder_version=\u00bb4.21.0&#8243; _module_preset=\u00bbdefault\u00bb global_colors_info=\u00bb{}\u00bb][et_pb_column type=\u00bb2_3&#8243; _builder_version=\u00bb4.17.3&#8243; _module_preset=\u00bbdefault\u00bb custom_padding_tablet=\u00bb||||false|false\u00bb custom_padding_phone=\u00bb||40vw||false|false\u00bb custom_padding_last_edited=\u00bboff|desktop\u00bb global_colors_info=\u00bb{}\u00bb][et_pb_divider _builder_version=\u00bb4.17.3&#8243; _module_preset=\u00bbdefault\u00bb positioning=\u00bbabsolute\u00bb width=\u00bb20vw\u00bb width_tablet=\u00bb40vw\u00bb width_phone=\u00bb40vw\u00bb width_last_edited=\u00bbon|tablet\u00bb height=\u00bb20vw\u00bb height_tablet=\u00bb40vw\u00bb height_phone=\u00bb40vw\u00bb height_last_edited=\u00bbon|tablet\u00bb custom_margin=\u00bb|||10%|false|false\u00bb border_radii=\u00bbon|400px|400px|400px|400px\u00bb border_width_all=\u00bb1px\u00bb border_color_all=\u00bbrgba(18,214,120,0.8)\u00bb global_colors_info=\u00bb{}\u00bb][\/et_pb_divider][et_pb_divider _builder_version=\u00bb4.17.3&#8243; _module_preset=\u00bbdefault\u00bb positioning=\u00bbabsolute\u00bb width=\u00bb20vw\u00bb width_tablet=\u00bb40vw\u00bb width_phone=\u00bb40vw\u00bb width_last_edited=\u00bbon|tablet\u00bb height=\u00bb20vw\u00bb height_tablet=\u00bb40vw\u00bb height_phone=\u00bb40vw\u00bb height_last_edited=\u00bbon|tablet\u00bb custom_margin=\u00bb|||20%|false|false\u00bb border_radii=\u00bbon|400px|400px|400px|400px\u00bb border_width_all=\u00bb1px\u00bb border_color_all=\u00bbrgba(18,214,120,0.6)\u00bb global_colors_info=\u00bb{}\u00bb][\/et_pb_divider][et_pb_divider _builder_version=\u00bb4.17.3&#8243; _module_preset=\u00bbdefault\u00bb positioning=\u00bbabsolute\u00bb width=\u00bb20vw\u00bb width_tablet=\u00bb40vw\u00bb width_phone=\u00bb40vw\u00bb width_last_edited=\u00bbon|tablet\u00bb height=\u00bb20vw\u00bb height_tablet=\u00bb40vw\u00bb height_phone=\u00bb40vw\u00bb height_last_edited=\u00bbon|tablet\u00bb custom_margin=\u00bb|||30%|false|false\u00bb border_radii=\u00bbon|400px|400px|400px|400px\u00bb border_width_all=\u00bb1px\u00bb border_color_all=\u00bbrgba(18,214,120,0.4)\u00bb global_colors_info=\u00bb{}\u00bb][\/et_pb_divider][et_pb_divider _builder_version=\u00bb4.17.3&#8243; _module_preset=\u00bbdefault\u00bb positioning=\u00bbabsolute\u00bb width=\u00bb20vw\u00bb width_tablet=\u00bb40vw\u00bb width_phone=\u00bb40vw\u00bb width_last_edited=\u00bbon|tablet\u00bb height=\u00bb20vw\u00bb height_tablet=\u00bb40vw\u00bb height_phone=\u00bb40vw\u00bb height_last_edited=\u00bbon|tablet\u00bb custom_margin=\u00bb|||40%|false|false\u00bb border_radii=\u00bbon|400px|400px|400px|400px\u00bb border_width_all=\u00bb1px\u00bb border_color_all=\u00bbrgba(18,214,120,0.2)\u00bb global_colors_info=\u00bb{}\u00bb][\/et_pb_divider][et_pb_image src=\u00bbhttps:\/\/viajemagicoalaluna.revistacitrico.com\/wp-content\/uploads\/2026\/03\/WhatsApp-Image-2026-03-14-at-16.48.52-2.jpeg\u00bb title_text=\u00bbWhatsApp Image 2026-03-14 at 16.48.52 (2)\u00bb show_bottom_space=\u00bboff\u00bb _builder_version=\u00bb4.21.0&#8243; _module_preset=\u00bbdefault\u00bb width=\u00bb20vw\u00bb width_tablet=\u00bb40vw\u00bb width_phone=\u00bb40vw\u00bb width_last_edited=\u00bbon|tablet\u00bb height_tablet=\u00bb40vw\u00bb height_phone=\u00bb40vw\u00bb height_last_edited=\u00bboff|desktop\u00bb border_radii=\u00bbon|400px|400px|400px|400px\u00bb border_width_all=\u00bb1px\u00bb border_color_all=\u00bb#12D678&#8243; global_colors_info=\u00bb{}\u00bb][\/et_pb_image][\/et_pb_column][et_pb_column type=\u00bb1_3&#8243; _builder_version=\u00bb4.17.3&#8243; _module_preset=\u00bbdefault\u00bb global_colors_info=\u00bb{}\u00bb][et_pb_image src=\u00bbhttps:\/\/viajemagicoalaluna.revistacitrico.com\/wp-content\/uploads\/2026\/03\/online-course1.png\u00bb title_text=\u00bbonline-course1&#8243; _builder_version=\u00bb4.17.0&#8243; _module_preset=\u00bbdefault\u00bb global_colors_info=\u00bb{}\u00bb][\/et_pb_image][\/et_pb_column][\/et_pb_row][\/et_pb_section]<\/p>\n","protected":false},"excerpt":{"rendered":"<p>Cap\u00edtulo 2El Coraz\u00f3n Oscuro de la LunaLa ciudad que hac\u00eda apenas unos minutos brillaba como un sue\u00f1o ahora parec\u00eda apagarse lentamente, como si alguien estuviera cubriendo el cielo con una sombra invisible. Las torres luminosas comenzaron a parpadear. Los puentes de energ\u00eda chisporroteaban. Las peque\u00f1as criaturas lunares corr\u00edan de un lado a otro con expresiones [&hellip;]<\/p>\n","protected":false},"author":1,"featured_media":0,"parent":0,"menu_order":0,"comment_status":"closed","ping_status":"closed","template":"","meta":{"_et_pb_use_builder":"on","_et_pb_old_content":"","_et_gb_content_width":"","footnotes":""},"class_list":["post-62","page","type-page","status-publish","hentry"],"_links":{"self":[{"href":"https:\/\/viajemagicoalaluna.revistacitrico.com\/index.php\/wp-json\/wp\/v2\/pages\/62","targetHints":{"allow":["GET"]}}],"collection":[{"href":"https:\/\/viajemagicoalaluna.revistacitrico.com\/index.php\/wp-json\/wp\/v2\/pages"}],"about":[{"href":"https:\/\/viajemagicoalaluna.revistacitrico.com\/index.php\/wp-json\/wp\/v2\/types\/page"}],"author":[{"embeddable":true,"href":"https:\/\/viajemagicoalaluna.revistacitrico.com\/index.php\/wp-json\/wp\/v2\/users\/1"}],"replies":[{"embeddable":true,"href":"https:\/\/viajemagicoalaluna.revistacitrico.com\/index.php\/wp-json\/wp\/v2\/comments?post=62"}],"version-history":[{"count":3,"href":"https:\/\/viajemagicoalaluna.revistacitrico.com\/index.php\/wp-json\/wp\/v2\/pages\/62\/revisions"}],"predecessor-version":[{"id":113,"href":"https:\/\/viajemagicoalaluna.revistacitrico.com\/index.php\/wp-json\/wp\/v2\/pages\/62\/revisions\/113"}],"wp:attachment":[{"href":"https:\/\/viajemagicoalaluna.revistacitrico.com\/index.php\/wp-json\/wp\/v2\/media?parent=62"}],"curies":[{"name":"wp","href":"https:\/\/api.w.org\/{rel}","templated":true}]}}